{"id":480,"date":"2022-10-29T18:28:02","date_gmt":"2022-10-29T16:28:02","guid":{"rendered":"https:\/\/esvlokschoeneweide.de\/kegeln\/?page_id=480"},"modified":"2022-10-29T18:36:20","modified_gmt":"2022-10-29T16:36:20","slug":"beitrag-satzung","status":"publish","type":"page","link":"https:\/\/esvlokschoeneweide.de\/kegeln\/beitrag-satzung\/","title":{"rendered":"Beitrag &amp; Satzung"},"content":{"rendered":"\n<h2 class=\"wp-block-heading\">Beitragsordnung<\/h2>\n\n\n\n<p>Liebe Sportfreundinnen und Sportfreunde,<\/p>\n\n\n\n<p><br>gem\u00e4\u00df Beschluss der Mitgliederversammlung vom 24. Mai 2018 betr\u00e4gt der monatliche Beitrag f\u00fcr<br>die Mitgliedschaft in unserem Verein ESV Lok Sch\u00f6neweide, Abt. Kegeln, grunds\u00e4tzlich <strong>10 Euro<\/strong>.<br>Dies entspricht einem Jahresbeitrag von <strong>120 Euro<\/strong>.<br>Der Beitrag f\u00fcr Kinder\/Jugendliche und Auszubildende betr\u00e4gt j\u00e4hrlich <strong>72 Euro<\/strong>, also monatlich <br><span style=\"text-decoration: underline\">6 Euro<\/span>.<br>Der Beitrag f\u00fcr nicht mehr aktive Mitglieder (ehemalige Wettkampfsportler, die nicht mehr am<br>Training teilnehmen) betr\u00e4gt j\u00e4hrlich <span style=\"text-decoration: underline\">60 Euro<\/span>.<br>Der Beitrag f\u00fcr passive Mitglieder (ausschlie\u00dflich geworbene Eisenbahner) bleibt bei j\u00e4hrlich <span style=\"text-decoration: underline\">18 Euro<\/span>.<br>Die \u00dcberweisung kann <span style=\"text-decoration: underline\">monatlich<\/span> oder <span style=\"text-decoration: underline\">f\u00fcr jeweils 6 Monate bis zum 28.02. und bis zum 31.08.<br>erfolgen<\/span>.<\/p>\n\n\n\n<p><br>Bitte \u00fcberweist den Beitrag auf folgende Kontoverbindung bei der Sparda-Bank Berlin eG:<\/p>\n\n\n\n<p><br><\/p>\n\n\n\n<figure class=\"wp-block-table is-style-stripes\"><table><tbody><tr><td><strong>Zahlungsempf\u00e4nger<\/strong>:<\/td><td>ESV Lok Sch\u00f6neweide<\/td><\/tr><tr><td><strong>IBAN:<\/strong> <\/td><td>DE25 1209 6597 0001 3033 84<\/td><\/tr><tr><td><strong>BIC:<\/strong><\/td><td>GENODEF 1S 10<\/td><\/tr><tr><td><strong>Verwendungszweck:<\/strong><\/td><td>06 &#8211; Name, Vorname &#8211; 1 bzw. 2 &#8211; Geburtsjahr &#8211; Beitrag 2022<\/td><\/tr><\/tbody><\/table><figcaption>Beitragsordnung Stand 01\/2022<\/figcaption><\/figure>\n\n\n\n<p><\/p>\n\n\n\n<p>(1=m\u00e4nnlich bzw. 2=weiblich + letzten beiden Stellen des Geburtsjahres<br>Beispiel: 06 \u2013 Musterfrau, Erika \u2013 2 &#8211; 64 \u2013 Beitrag 2022)<\/p>\n\n\n\n<h2 class=\"wp-block-heading\">Satzung<\/h2>\n\n\n\n<p>Hier findest du unsere aktuelle Satzung des ESV Lok Sch\u00f6neweide.<\/p>\n\n\n\n<div data-wp-interactive=\"core\/file\" class=\"wp-block-file\"><object data-wp-bind--hidden=\"!state.hasPdfPreview\" hidden class=\"wp-block-file__embed\" data=\"https:\/\/esvlokschoeneweide.de\/kegeln\/files\/2022\/10\/Satzung-2019.pdf\" type=\"application\/pdf\" style=\"width:100%;height:600px\" aria-label=\"Einbettung von Einbettung von Satzung-2019..\"><\/object><a id=\"wp-block-file--media-4c9adc2d-2875-4d46-b023-506034174713\" href=\"https:\/\/esvlokschoeneweide.de\/kegeln\/files\/2022\/10\/Satzung-2019.pdf\">Satzung-2019<\/a><a href=\"https:\/\/esvlokschoeneweide.de\/kegeln\/files\/2022\/10\/Satzung-2019.pdf\" class=\"wp-block-file__button\" download aria-describedby=\"wp-block-file--media-4c9adc2d-2875-4d46-b023-506034174713\">Herunterladen<\/a><\/div>\n","protected":false},"excerpt":{"rendered":"<p>Beitragsordnung Liebe Sportfreundinnen und Sportfreunde, gem\u00e4\u00df Beschluss der Mitgliederversammlung vom 24. Mai 2018 betr\u00e4gt der monatliche Beitrag f\u00fcrdie Mitgliedschaft in unserem Verein ESV Lok Sch\u00f6neweide, Abt. Kegeln, grunds\u00e4tzlich 10 Euro.Dies [&hellip;]<\/p>\n","protected":false},"author":6,"featured_media":0,"parent":0,"menu_order":0,"comment_status":"closed","ping_status":"closed","template":"","meta":{"inline_featured_image":false,"ngg_post_thumbnail":0,"footnotes":"","_links_to":"","_links_to_target":""},"class_list":["post-480","page","type-page","status-publish","hentry"],"_links":{"self":[{"href":"https:\/\/esvlokschoeneweide.de\/kegeln\/wp-json\/wp\/v2\/pages\/480","targetHints":{"allow":["GET"]}}],"collection":[{"href":"https:\/\/esvlokschoeneweide.de\/kegeln\/wp-json\/wp\/v2\/pages"}],"about":[{"href":"https:\/\/esvlokschoeneweide.de\/kegeln\/wp-json\/wp\/v2\/types\/page"}],"author":[{"embeddable":true,"href":"https:\/\/esvlokschoeneweide.de\/kegeln\/wp-json\/wp\/v2\/users\/6"}],"replies":[{"embeddable":true,"href":"https:\/\/esvlokschoeneweide.de\/kegeln\/wp-json\/wp\/v2\/comments?post=480"}],"version-history":[{"count":8,"href":"https:\/\/esvlokschoeneweide.de\/kegeln\/wp-json\/wp\/v2\/pages\/480\/revisions"}],"predecessor-version":[{"id":490,"href":"https:\/\/esvlokschoeneweide.de\/kegeln\/wp-json\/wp\/v2\/pages\/480\/revisions\/490"}],"wp:attachment":[{"href":"https:\/\/esvlokschoeneweide.de\/kegeln\/wp-json\/wp\/v2\/media?parent=480"}],"curies":[{"name":"wp","href":"https:\/\/api.w.org\/{rel}","templated":true}]}}