{"id":2318,"date":"2019-11-10T15:21:12","date_gmt":"2019-11-10T14:21:12","guid":{"rendered":"http:\/\/esvlokschoeneweide.de\/radsport\/?page_id=2318"},"modified":"2020-04-26T20:07:41","modified_gmt":"2020-04-26T18:07:41","slug":"mannfred-graetz-erhaelt-die-silberne-ehrennadel-des-brv","status":"publish","type":"page","link":"https:\/\/esvlokschoeneweide.de\/radsport\/aktuelles\/mannfred-graetz-erhaelt-die-silberne-ehrennadel-des-brv\/","title":{"rendered":"Mannfred Gr\u00e4tz erh\u00e4lt die silberne Ehrennadel des BRV"},"content":{"rendered":"\n<p class=\"has-normal-font-size\">\u201eSilberne Ehrennadel des BRV\u201c f\u00fcr Manfred Gr\u00e4tz<br>Manfred baute in vier Sportvereinen den Breitensport im Radtourenfahren infolge von Aufl\u00f6sungen neu auf:<br>Ab 1985 in der BSG Lok Pankow, ab 1991 in der BSG Post Berlin \/ Post SV Berlin, ab 1993 im SC Berlin, ab 2008 im ESV Lok Sch\u00f6neweide.<\/p>\n\n\n\n<p class=\"has-normal-font-size\">Auf der Jahreshauptversammlung des Berliner \u2013 Radsport \u2013 Verbandes am 23. Februar 2019 erhielt er f\u00fcr seine T\u00e4tigkeiten im Breitensport die \u201eSilberne Ehrennadel des BRV\u201c.<br> Als Fahrtenleiter f\u00fchrte er das Leistungsradwandern in der BSG Lok Pankow ein. Bereits vor der Grenz\u00f6ffnung nahmen ab 1988 an seinen Fitnesstouren und ab 1989 an dem 1. Rad-Marathon \u201eRund um Berlin\u201c Westberliner teil. In Berlin-Ost wurde er 1989 f\u00fcr das Leistungsradwandern zust\u00e4ndig.<br><img loading=\"lazy\" decoding=\"async\" width=\"2179\" height=\"1522\" class=\"wp-image-2319\" style=\"width: 300px;float: right;margin-left: 15px;margin-top: 15px\" src=\"https:\/\/esvlokschoeneweide.de\/radsport\/files\/2019\/11\/160521_E004_100313.jpg\" alt=\"Manfred Gr\u00e4tz f\u00fchrt \" srcset=\"https:\/\/esvlokschoeneweide.de\/radsport\/files\/2019\/11\/160521_E004_100313.jpg 2179w, https:\/\/esvlokschoeneweide.de\/radsport\/files\/2019\/11\/160521_E004_100313-300x210.jpg 300w, https:\/\/esvlokschoeneweide.de\/radsport\/files\/2019\/11\/160521_E004_100313-768x536.jpg 768w, https:\/\/esvlokschoeneweide.de\/radsport\/files\/2019\/11\/160521_E004_100313-1024x715.jpg 1024w\" sizes=\"auto, (max-width: 2179px) 100vw, 2179px\" \/>Nach dem Mauerfall 1989 zeigte Manfred den vielen anderen Westberliner RTF-lern die ihnen noch unbekannte Umgebung von Berlin. Sie zeigten ihm auch ihr Westberlin, wo er bereits bis zum Mauerbau 1961 oft trainierte. Bei den Veranstaltungslehrg\u00e4ngen RTF f\u00fcr die neuen Bundesl\u00e4nder lernte er die neuen Bestimmungen kennen.<br>Eine RTF-Gruppe baute er in der BSG Post Berlin auf, die ein Sammelpunkt f\u00fcr \u00e4ltere Weltklasserennfahrer war. Im SC Berlin, dem Hochleistungssportverein mit Weltklasseathleten, gr\u00fcndete er in der Radsportabteilung eine neue, leistungsstarke RTF-Gruppe.<br>Aus der Senioren-Rennsport-Abteilung im ESV Lok Sch\u00f6neweide entwickelte er eine RTF-Gruppe. Die Organisation der RTF \u00fcbergab er 2014 und den RTF-Fachwart 2018 zur Weiterf\u00fchrung an den j\u00fcngeren 50-j\u00e4hrigen Janek Grunow. Seine Erkenntnisse aus fast 50 Jahren im Radrenn- und Breitensport gab er gerne weiter.<br>Die Ausrichtung der RTF-Touren und die gew\u00e4hlten Strecken wurden von den Teilnehmern\/-innen als sehr gut befunden. Bei den zahlreichen, von ihm organisierten Radtourenfahrten (RTF) in den vier Vereinen hatte er in 30 Jahren viele Helfer an seiner Seite. \u00dcber die gesamte Zeit halfen seine Frau Eva, sowie Erika und Bernd Rodenwoldt. Danke an die vielen<br>engagierten Helfer! Ohne sie sind solche Veranstaltungen nicht durchf\u00fchrbar!<\/p>\n\n\n\n<p class=\"has-normal-font-size\"><br>Manfred leitete zwischen 1988 und 2014:<\/p>\n\n\n\n<ul class=\"has-normal-font-size wp-block-list\"><li>von 1988 bis 1992 14-t\u00e4gig \u00f6ffentlich, ausgeschriebene \u201eFitnesstouren mit Lok Pankow\u201c bzw. \u201emit Post\u201c<\/li><li>von 1989 bis 1992 die ersten vier \u201eRad-Marathon Rund um Berlin\u201c<\/li><li>von 1994 bis heute j\u00e4hrlich, von M\u00e4rz bis Oktober, sechs Permanente-Radtourenfahrten ab Bernau<\/li><li>von 1994 bis 1999 j\u00e4hrlich drei \u201eGef\u00fchrte Permanente-Radtourenfahrten\u201c ab Bernau<\/li><li>von 1995 bis 1998 j\u00e4hrlich als offenen Marathon mit interessierten G\u00e4sten \u201e333 km um Berlin\u201c<\/li><li>von 2000 bis 2007 j\u00e4hrl. eine Tages-RTF \u201eM\u00e4rkische Weichseleiszeittour\u201c ab Bernau mit 40, 70, 110 oder 150\u00a0km<\/li><li>von 2008 bis 2014 j\u00e4hrlich eine Tages-RTF \u201eBERNAU-ODER-BERNAU\u201c ebenfalls mit 4 m\u00f6glichen Strecken<\/li><\/ul>\n\n\n\n<p class=\"has-normal-font-size\"><span class=\"has-inline-color has-vivid-red-color\">Nachfolgend erw\u00e4hnte Veranstaltungen finden nicht statt, oder es wird ein anderer Termin sein.<\/span><br><em>Die <span style=\"text-decoration: underline\">13. RTF\u201eBernau &#8211; zur Oder &#8211; Bernau\u201c vom ESV Lok wird am 16. Mai 2020<\/span> ausgerichtet, die 21. RTF vom<br>Sportforum in Bernau. Der <span style=\"text-decoration: underline\">31. RTF-Marathon \u201eRund um Berlin\u201c findet am 23. August 2020<\/span> unter Leitung des<br>Landesfachwartes Michael Braun mit Unterst\u00fctzung der Berliner RTF-Vereine statt.<\/em><\/p>\n\n\n\n<p class=\"has-normal-font-size\"><img loading=\"lazy\" decoding=\"async\" width=\"2125\" height=\"1535\" class=\"wp-image-2320\" style=\"width: 300px;float: left;margin-right: 15px;margin-bottom: 15px\" src=\"https:\/\/esvlokschoeneweide.de\/radsport\/files\/2019\/11\/610212_Gr\u00e4tz_Foto1_Silb_Ehrennadel.jpg\" alt=\"Bild von Mannfred Gr\u00e4tz beim Querfeldeinrennen\" srcset=\"https:\/\/esvlokschoeneweide.de\/radsport\/files\/2019\/11\/610212_Gr\u00e4tz_Foto1_Silb_Ehrennadel.jpg 2125w, https:\/\/esvlokschoeneweide.de\/radsport\/files\/2019\/11\/610212_Gr\u00e4tz_Foto1_Silb_Ehrennadel-300x217.jpg 300w, https:\/\/esvlokschoeneweide.de\/radsport\/files\/2019\/11\/610212_Gr\u00e4tz_Foto1_Silb_Ehrennadel-768x555.jpg 768w, https:\/\/esvlokschoeneweide.de\/radsport\/files\/2019\/11\/610212_Gr\u00e4tz_Foto1_Silb_Ehrennadel-1024x740.jpg 1024w\" sizes=\"auto, (max-width: 2125px) 100vw, 2125px\" \/>Selbst fuhr Manfred in seinem Leben \u00fcber 500.000 Kilometer mit dem Fahrrad.<br><br>Den Radrennsport begann er mit 13 Jahren. Von 1957 bis 1967 fuhr er in sechs Radsportvereinen:<br>Ab Juni 1957 in der BSG Stahl Hennigsdorf, ab Aug. 1958 in der BSG Lok Elstal, ab Nov.1961 im Armeesportklub (ASK)<br>Leipzig (als Leistungssportler Querfeldein), ab Nov.1962 in der ASG Oranienburg, ab Mai 1963 in der BSG Lok Elstal, ab Okt. 1964 bei SG Dynamo Wei\u00dfensee. Von Nov. 1966 bis 1972 war er in der BSG Lok Oberspree Mitglied.<br>1960 und 1961 fuhr er in der Jugend 16-18 Jahre Querfeldein, sowie auf der Stra\u00dfe in der Leistungsklasse 1 (Lkl.). Bei den M\u00e4nnern startete er ab Juli 1961 auf der Stra\u00dfe in der Lkl. 3. Er qualifizierte sich im Aug. 1961 f\u00fcr die Lkl. 2 und im Mai 1962 f\u00fcr die Lkl. 1.<br>Manfred\u2019s Radrennsport verlief ab 1962 aus politischen Gr\u00fcnden sehr problematisch. Querfeldein wurde im Febr.1962 im ASK aufgel\u00f6st. Mit 18 Jahren erhielt er als Stra\u00dfenrennfahrer seine \u201eAusdelegierung\u201c aus dem ASK (sein Vater hatte vor 1961 in Westberlin gearbeitet ! ). Im Sept. 1963 ergab seine Nachfrage beim TSC Berlin: \u201eIn einen Sportclub kommt er nicht mehr hinein, es muss ja was gewesen sein.\u201c Mit dieser Kenntnis hatte er im Leistungssport keine Perspektive. Mit Arbeit, Radsport und abends Qualifizierung an der Volkshochschule (9. bis 12. Klasse) begann er ab 1963 eine dreifache Belastung. Im Juni 1964 reiste er mit einer schweren Erk\u00e4ltung in das Trainingslager der Sportvereinigung \u201eLok\u201c. Der Trainer sagte ihm: Du kommst dann im n\u00e4chsten Jahr wieder. <img loading=\"lazy\" decoding=\"async\" width=\"1771\" height=\"2421\" class=\"wp-image-2321\" style=\"width: 300px;float: right;margin-top: 15px;margin-left: 15px\" src=\"https:\/\/esvlokschoeneweide.de\/radsport\/files\/2019\/11\/960621_Gr\u00e4tz_Foto2_Silb_Ehrennadel.jpg\" alt=\"Bild von Manfred Gr\u00e4tz\" srcset=\"https:\/\/esvlokschoeneweide.de\/radsport\/files\/2019\/11\/960621_Gr\u00e4tz_Foto2_Silb_Ehrennadel.jpg 1771w, https:\/\/esvlokschoeneweide.de\/radsport\/files\/2019\/11\/960621_Gr\u00e4tz_Foto2_Silb_Ehrennadel-219x300.jpg 219w, https:\/\/esvlokschoeneweide.de\/radsport\/files\/2019\/11\/960621_Gr\u00e4tz_Foto2_Silb_Ehrennadel-768x1050.jpg 768w, https:\/\/esvlokschoeneweide.de\/radsport\/files\/2019\/11\/960621_Gr\u00e4tz_Foto2_Silb_Ehrennadel-749x1024.jpg 749w\" sizes=\"auto, (max-width: 1771px) 100vw, 1771px\" \/>Dieses Jahr gab es bei \u201eLok\u201c nicht mehr. In der obersten Leistungsklasse startend erhielt er pl\u00f6tzlich und konsequent im Juli 1964 von seiner Arbeitsstelle gar keine Freistellung mehr* (republikfl\u00fcchtige Radsportler seines Sportvereins \u2013 die Stasi \u201e\u2026 er verpfeift seine Kumpel nicht \u2026\u201c). Ab M\u00e4rz 1965, nach einer Ausbildung bei der Polizei, stieg er sofort wieder in die Lkl.1 auf und erreichte dort viele, gute Platzierungen. Im M\u00e4rz 1966, mit 22 Jahren, wurde ihm wieder jegliche Freistellung gestrichen* (Hochzeit \u2013 Kirche und Westverwandte). *) In der DDR gab es das Gesetz: \u201eJeder hat das Recht und die Pflicht zur Arbeit.&#8220;<br>Mit diesen Voraussetzungen freute sich Manfred bei den Stra\u00dfenrennen als \u201eHobbyrennfahrer&#8220; mit den Weltklassefahrern fahren zu k\u00f6nnen. Bei schlechteren Trainingsbedingungen u.a. erreichte er gute Ergebnisse. Von 1962 bis 1966 startete er bei den M\u00e4nnern in der oberen Leistungsklasse 1. Die Norm \u201eSportler 1. Klasse\u201c erf\u00fcllte er 1962, 1963, 1965.<br>Ab 1982 beteiligte sich Manfred an Leistungsradwanderfahrten, wie an \u201eDDR-Rundfahrten der Ehemaligen und Freunde des Radsports\u201c &#8211; 6x. Seit 1991 fuhr er im Radtourenfahren: Den Rad-Marathon \u201eRTF Rund um Berlin\u201c -20x; die \u201eSuper-Cup-Radmarathon\u201c -50x; die Langstreckenradrennen \u201eTrondheim \u2013 Oslo\u201c \u00fcber 540 km 1990, 1991, 1994 und \u201eBordeaux \u2013 Paris\u201c \u00fcber 640 km 1996. Dazu kamen Teilnahmen an den \u201eInternationalen Touristischen Friedensfahrten\u201c, wie von Berlin nach Petersburg, zur Wolga, nach Athen, nach Norwegen, nach Rom sowie in Kuba und auf der Krim. <\/p>\n\n\n\n<p class=\"has-normal-font-size\">geschrieben von Eva und Manfred Gr\u00e4tz &#8211; Berlin 05.11.2019<\/p>\n","protected":false},"excerpt":{"rendered":"<p>\u201eSilberne Ehrennadel des BRV\u201c f\u00fcr Manfred Gr\u00e4tzManfred baute in vier Sportvereinen den Breitensport im Radtourenfahren infolge von Aufl\u00f6sungen neu auf:Ab 1985 in der BSG Lok Pankow, ab 1991 in der [&hellip;]<\/p>\n","protected":false},"author":12,"featured_media":2338,"parent":7,"menu_order":0,"comment_status":"closed","ping_status":"closed","template":"","meta":{"inline_featured_image":false,"ngg_post_thumbnail":0,"footnotes":"","_links_to":"","_links_to_target":""},"class_list":["post-2318","page","type-page","status-publish","has-post-thumbnail","hentry"],"_links":{"self":[{"href":"https:\/\/esvlokschoeneweide.de\/radsport\/wp-json\/wp\/v2\/pages\/2318","targetHints":{"allow":["GET"]}}],"collection":[{"href":"https:\/\/esvlokschoeneweide.de\/radsport\/wp-json\/wp\/v2\/pages"}],"about":[{"href":"https:\/\/esvlokschoeneweide.de\/radsport\/wp-json\/wp\/v2\/types\/page"}],"author":[{"embeddable":true,"href":"https:\/\/esvlokschoeneweide.de\/radsport\/wp-json\/wp\/v2\/users\/12"}],"replies":[{"embeddable":true,"href":"https:\/\/esvlokschoeneweide.de\/radsport\/wp-json\/wp\/v2\/comments?post=2318"}],"version-history":[{"count":58,"href":"https:\/\/esvlokschoeneweide.de\/radsport\/wp-json\/wp\/v2\/pages\/2318\/revisions"}],"predecessor-version":[{"id":2593,"href":"https:\/\/esvlokschoeneweide.de\/radsport\/wp-json\/wp\/v2\/pages\/2318\/revisions\/2593"}],"up":[{"embeddable":true,"href":"https:\/\/esvlokschoeneweide.de\/radsport\/wp-json\/wp\/v2\/pages\/7"}],"wp:featuredmedia":[{"embeddable":true,"href":"https:\/\/esvlokschoeneweide.de\/radsport\/wp-json\/wp\/v2\/media\/2338"}],"wp:attachment":[{"href":"https:\/\/esvlokschoeneweide.de\/radsport\/wp-json\/wp\/v2\/media?parent=2318"}],"curies":[{"name":"wp","href":"https:\/\/api.w.org\/{rel}","templated":true}]}}

Mannfred Grätz erhält die silberne Ehrennadel des BRV

<p class="has-normal-font-size">„Silberne Ehrennadel des BRV“ für Manfred Grätz<br>Manfred baute in vier Sportvereinen den Breitensport im Radtourenfahren infolge von Auflösungen neu auf:<br>Ab 1985 in der BSG Lok Pankow, ab 1991 in der BSG Post Berlin / Post SV Berlin, ab 1993 im SC Berlin, ab 2008 im ESV Lok Schöneweide.</p>



<p class="has-normal-font-size">Auf der Jahreshauptversammlung des Berliner – Radsport – Verbandes am 23. Februar 2019 erhielt er für seine Tätigkeiten im Breitensport die „Silberne Ehrennadel des BRV“.<br> Als Fahrtenleiter führte er das Leistungsradwandern in der BSG Lok Pankow ein. Bereits vor der Grenzöffnung nahmen ab 1988 an seinen Fitnesstouren und ab 1989 an dem 1. Rad-Marathon „Rund um Berlin“ Westberliner teil. In Berlin-Ost wurde er 1989 für das Leistungsradwandern zuständig.<br><img loading="lazy" decoding="async" width="2179" height="1522" class="wp-image-2319" style="width: 300px;float: right;margin-left: 15px;margin-top: 15px" src="https://esvlokschoeneweide.de/radsport/files/2019/11/160521_E004_100313.jpg" alt="Manfred Grätz führt " srcset="https://esvlokschoeneweide.de/radsport/files/2019/11/160521_E004_100313.jpg 2179w, https://esvlokschoeneweide.de/radsport/files/2019/11/160521_E004_100313-300x210.jpg 300w, https://esvlokschoeneweide.de/radsport/files/2019/11/160521_E004_100313-768x536.jpg 768w, https://esvlokschoeneweide.de/radsport/files/2019/11/160521_E004_100313-1024x715.jpg 1024w" sizes="auto, (max-width: 2179px) 100vw, 2179px" />Nach dem Mauerfall 1989 zeigte Manfred den vielen anderen Westberliner RTF-lern die ihnen noch unbekannte Umgebung von Berlin. Sie zeigten ihm auch ihr Westberlin, wo er bereits bis zum Mauerbau 1961 oft trainierte. Bei den Veranstaltungslehrgängen RTF für die neuen Bundesländer lernte er die neuen Bestimmungen kennen.<br>Eine RTF-Gruppe baute er in der BSG Post Berlin auf, die ein Sammelpunkt für ältere Weltklasserennfahrer war. Im SC Berlin, dem Hochleistungssportverein mit Weltklasseathleten, gründete er in der Radsportabteilung eine neue, leistungsstarke RTF-Gruppe.<br>Aus der Senioren-Rennsport-Abteilung im ESV Lok Schöneweide entwickelte er eine RTF-Gruppe. Die Organisation der RTF übergab er 2014 und den RTF-Fachwart 2018 zur Weiterführung an den jüngeren 50-jährigen Janek Grunow. Seine Erkenntnisse aus fast 50 Jahren im Radrenn- und Breitensport gab er gerne weiter.<br>Die Ausrichtung der RTF-Touren und die gewählten Strecken wurden von den Teilnehmern/-innen als sehr gut befunden. Bei den zahlreichen, von ihm organisierten Radtourenfahrten (RTF) in den vier Vereinen hatte er in 30 Jahren viele Helfer an seiner Seite. Über die gesamte Zeit halfen seine Frau Eva, sowie Erika und Bernd Rodenwoldt. Danke an die vielen<br>engagierten Helfer! Ohne sie sind solche Veranstaltungen nicht durchführbar!</p>



<p class="has-normal-font-size"><br>Manfred leitete zwischen 1988 und 2014:</p>



<ul class="has-normal-font-size wp-block-list"><li>von 1988 bis 1992 14-tägig öffentlich, ausgeschriebene „Fitnesstouren mit Lok Pankow“ bzw. „mit Post“</li><li>von 1989 bis 1992 die ersten vier „Rad-Marathon Rund um Berlin“</li><li>von 1994 bis heute jährlich, von März bis Oktober, sechs Permanente-Radtourenfahrten ab Bernau</li><li>von 1994 bis 1999 jährlich drei „Geführte Permanente-Radtourenfahrten“ ab Bernau</li><li>von 1995 bis 1998 jährlich als offenen Marathon mit interessierten Gästen „333 km um Berlin“</li><li>von 2000 bis 2007 jährl. eine Tages-RTF „Märkische Weichseleiszeittour“ ab Bernau mit 40, 70, 110 oder 150 km</li><li>von 2008 bis 2014 jährlich eine Tages-RTF „BERNAU-ODER-BERNAU“ ebenfalls mit 4 möglichen Strecken</li></ul>



<p class="has-normal-font-size"><span class="has-inline-color has-vivid-red-color">Nachfolgend erwähnte Veranstaltungen finden nicht statt, oder es wird ein anderer Termin sein.</span><br><em>Die <span style="text-decoration: underline">13. RTF„Bernau &#8211; zur Oder &#8211; Bernau“ vom ESV Lok wird am 16. Mai 2020</span> ausgerichtet, die 21. RTF vom<br>Sportforum in Bernau. Der <span style="text-decoration: underline">31. RTF-Marathon „Rund um Berlin“ findet am 23. August 2020</span> unter Leitung des<br>Landesfachwartes Michael Braun mit Unterstützung der Berliner RTF-Vereine statt.</em></p>



<p class="has-normal-font-size"><img loading="lazy" decoding="async" width="2125" height="1535" class="wp-image-2320" style="width: 300px;float: left;margin-right: 15px;margin-bottom: 15px" src="https://esvlokschoeneweide.de/radsport/files/2019/11/610212_Grätz_Foto1_Silb_Ehrennadel.jpg" alt="Bild von Mannfred Grätz beim Querfeldeinrennen" srcset="https://esvlokschoeneweide.de/radsport/files/2019/11/610212_Grätz_Foto1_Silb_Ehrennadel.jpg 2125w, https://esvlokschoeneweide.de/radsport/files/2019/11/610212_Grätz_Foto1_Silb_Ehrennadel-300x217.jpg 300w, https://esvlokschoeneweide.de/radsport/files/2019/11/610212_Grätz_Foto1_Silb_Ehrennadel-768x555.jpg 768w, https://esvlokschoeneweide.de/radsport/files/2019/11/610212_Grätz_Foto1_Silb_Ehrennadel-1024x740.jpg 1024w" sizes="auto, (max-width: 2125px) 100vw, 2125px" />Selbst fuhr Manfred in seinem Leben über 500.000 Kilometer mit dem Fahrrad.<br><br>Den Radrennsport begann er mit 13 Jahren. Von 1957 bis 1967 fuhr er in sechs Radsportvereinen:<br>Ab Juni 1957 in der BSG Stahl Hennigsdorf, ab Aug. 1958 in der BSG Lok Elstal, ab Nov.1961 im Armeesportklub (ASK)<br>Leipzig (als Leistungssportler Querfeldein), ab Nov.1962 in der ASG Oranienburg, ab Mai 1963 in der BSG Lok Elstal, ab Okt. 1964 bei SG Dynamo Weißensee. Von Nov. 1966 bis 1972 war er in der BSG Lok Oberspree Mitglied.<br>1960 und 1961 fuhr er in der Jugend 16-18 Jahre Querfeldein, sowie auf der Straße in der Leistungsklasse 1 (Lkl.). Bei den Männern startete er ab Juli 1961 auf der Straße in der Lkl. 3. Er qualifizierte sich im Aug. 1961 für die Lkl. 2 und im Mai 1962 für die Lkl. 1.<br>Manfred’s Radrennsport verlief ab 1962 aus politischen Gründen sehr problematisch. Querfeldein wurde im Febr.1962 im ASK aufgelöst. Mit 18 Jahren erhielt er als Straßenrennfahrer seine „Ausdelegierung“ aus dem ASK (sein Vater hatte vor 1961 in Westberlin gearbeitet ! ). Im Sept. 1963 ergab seine Nachfrage beim TSC Berlin: „In einen Sportclub kommt er nicht mehr hinein, es muss ja was gewesen sein.“ Mit dieser Kenntnis hatte er im Leistungssport keine Perspektive. Mit Arbeit, Radsport und abends Qualifizierung an der Volkshochschule (9. bis 12. Klasse) begann er ab 1963 eine dreifache Belastung. Im Juni 1964 reiste er mit einer schweren Erkältung in das Trainingslager der Sportvereinigung „Lok“. Der Trainer sagte ihm: Du kommst dann im nächsten Jahr wieder. <img loading="lazy" decoding="async" width="1771" height="2421" class="wp-image-2321" style="width: 300px;float: right;margin-top: 15px;margin-left: 15px" src="https://esvlokschoeneweide.de/radsport/files/2019/11/960621_Grätz_Foto2_Silb_Ehrennadel.jpg" alt="Bild von Manfred Grätz" srcset="https://esvlokschoeneweide.de/radsport/files/2019/11/960621_Grätz_Foto2_Silb_Ehrennadel.jpg 1771w, https://esvlokschoeneweide.de/radsport/files/2019/11/960621_Grätz_Foto2_Silb_Ehrennadel-219x300.jpg 219w, https://esvlokschoeneweide.de/radsport/files/2019/11/960621_Grätz_Foto2_Silb_Ehrennadel-768x1050.jpg 768w, https://esvlokschoeneweide.de/radsport/files/2019/11/960621_Grätz_Foto2_Silb_Ehrennadel-749x1024.jpg 749w" sizes="auto, (max-width: 1771px) 100vw, 1771px" />Dieses Jahr gab es bei „Lok“ nicht mehr. In der obersten Leistungsklasse startend erhielt er plötzlich und konsequent im Juli 1964 von seiner Arbeitsstelle gar keine Freistellung mehr* (republikflüchtige Radsportler seines Sportvereins – die Stasi „… er verpfeift seine Kumpel nicht …“). Ab März 1965, nach einer Ausbildung bei der Polizei, stieg er sofort wieder in die Lkl.1 auf und erreichte dort viele, gute Platzierungen. Im März 1966, mit 22 Jahren, wurde ihm wieder jegliche Freistellung gestrichen* (Hochzeit – Kirche und Westverwandte). *) In der DDR gab es das Gesetz: „Jeder hat das Recht und die Pflicht zur Arbeit.&#8220;<br>Mit diesen Voraussetzungen freute sich Manfred bei den Straßenrennen als „Hobbyrennfahrer&#8220; mit den Weltklassefahrern fahren zu können. Bei schlechteren Trainingsbedingungen u.a. erreichte er gute Ergebnisse. Von 1962 bis 1966 startete er bei den Männern in der oberen Leistungsklasse 1. Die Norm „Sportler 1. Klasse“ erfüllte er 1962, 1963, 1965.<br>Ab 1982 beteiligte sich Manfred an Leistungsradwanderfahrten, wie an „DDR-Rundfahrten der Ehemaligen und Freunde des Radsports“ &#8211; 6x. Seit 1991 fuhr er im Radtourenfahren: Den Rad-Marathon „RTF Rund um Berlin“ -20x; die „Super-Cup-Radmarathon“ -50x; die Langstreckenradrennen „Trondheim – Oslo“ über 540 km 1990, 1991, 1994 und „Bordeaux – Paris“ über 640 km 1996. Dazu kamen Teilnahmen an den „Internationalen Touristischen Friedensfahrten“, wie von Berlin nach Petersburg, zur Wolga, nach Athen, nach Norwegen, nach Rom sowie in Kuba und auf der Krim. </p>



<p class="has-normal-font-size">geschrieben von Eva und Manfred Grätz &#8211; Berlin 05.11.2019</p>

<p>„Silberne Ehrennadel des BRV“ für Manfred GrätzManfred baute in vier Sportvereinen den Breitensport im Radtourenfahren infolge von Auflösungen neu auf:Ab 1985 in der BSG Lok Pankow, ab 1991 in der [&hellip;]</p>
