{"id":33,"date":"2013-01-18T15:47:48","date_gmt":"2013-01-18T14:47:48","guid":{"rendered":"http:\/\/esvlokschoeneweide.de\/radsport\/?page_id=33"},"modified":"2026-03-18T10:13:32","modified_gmt":"2026-03-18T09:13:32","slug":"unsere-rtf","status":"publish","type":"page","link":"https:\/\/esvlokschoeneweide.de\/radsport\/unsere-rtf\/","title":{"rendered":"Unsere RTF im Mai"},"content":{"rendered":"\n<p class=\"has-black-color has-text-color has-medium-font-size\">09.05.2026 &#8211; 18. RTF Bernau &#8211; zur Oder &#8211; Bernau<\/p>\n\n\n\n<p>Am 09.05.2026 &#8211; Make RTF Great again \ud83d\ude09 Ich finde diesen Spruch nicht mehr lustig. Aber f\u00fcr den allgemeinen Fitnesszustand aller sportlich Radfahrenden, beanspruchen wir f\u00fcr diesen Tag, NEIN, nicht Gr\u00f6nland, sondern das Gebiet nord\u00f6stlich von Bernau. Diese Gebietsanspr\u00fcche begr\u00fcnden wir damit, unsere wundersch\u00f6ne, mit viel Liebe veranstaltete, und von ausschlie\u00dflich! ALLEN jedes Jahr sehns\u00fcchtig erwartete Fr\u00fchjahresrundfahrt durch das Oderbruch durchf\u00fchren zu k\u00f6nnen.<br>Sie f\u00fchrt von Bernau, bis zur polnischen Odergrenze und wieder zurr\u00fcck. Dabei f\u00e4hrt man unter dem neuen- und alten Schiffshebewerk hindurch, radelt auf der Gro\u00dfen Runde 12 Km auf dem Oderdeich entlang, was ziemlich windig sein kann, und Ihr k\u00f6nnt somit bis zu 157 Km f\u00fcr die Breitensportwertung (er)fahren.<br>Kommt alle reichlich, der Gedanke RTF hat es mega-dringend n\u00f6tig, ansonsten wird damit bald Feierabend sein. Wir halten die Fahne hoch, wo viele andere schon die Segel gestrichen haben. Alle wollen fahren, also m\u00fcssen auch alle mal was daf\u00fcr tun! Das ist ein Fakt und keine Fake News.<br>Wir geben das Oderbruch dann auch wieder zurr\u00fcck &#8211; VERSPROCHEN!<\/p>\n\n\n\n<p>RTF-Nr.: 2053<br>Start: zwischen 10 und 11 Uhr<br>Strecken: 58 Km bis 157 Km<br>Startort: Sportforum &#8211; An der Tr\u00e4nke 30, 16321 Bernau bei Berlin<br>Startgeld: 5 \u20ac mit RTF-Breitensportlizenz vom BDR, 10 \u20ac ohne Wertungskarte vom BDR<\/p>\n\n\n\n<p>Links zu unseren Strecken in Komoot:<br><a rel=\"noreferrer noopener\" href=\"https:\/\/www.komoot.de\/tour\/763912611\" data-type=\"URL\" data-id=\"https:\/\/www.komoot.de\/tour\/763912611\" target=\"_blank\">Strecke 1: 58 Km<\/a><br><a rel=\"noreferrer noopener\" href=\"https:\/\/www.komoot.de\/tour\/763915920\" data-type=\"URL\" data-id=\"https:\/\/www.komoot.de\/tour\/763915920\" target=\"_blank\">Strecke 2: 80 Km<\/a><br><a rel=\"noreferrer noopener\" href=\"https:\/\/www.komoot.de\/tour\/763917037\" data-type=\"URL\" data-id=\"https:\/\/www.komoot.de\/tour\/763917037\" target=\"_blank\">Strecke 3: 121 Km<\/a><br><a rel=\"noreferrer noopener\" href=\"https:\/\/www.komoot.de\/tour\/763922161\" data-type=\"URL\" data-id=\"https:\/\/www.komoot.de\/tour\/763922161\" target=\"_blank\">Strecke 4: 157 Km<\/a><\/p>\n\n\n\n<p>Links zu den GPX Dateien, als Download (Rechte Mousetaste &#8211; speichern unter)<br><a href=\"https:\/\/esvlokschoeneweide.de\/radsport\/files\/2026\/03\/2026-03-16_763912611_RTF-Lok-Schoeneweide-ab-Bernau-T1-Mai-2026_-58-km.gpx\" data-type=\"URL\" data-id=\"https:\/\/www.komoot.de\/tour\/763912611\" target=\"_blank\" rel=\"noreferrer noopener\">Strecke 1: 58 Km<\/a><br><a href=\"https:\/\/esvlokschoeneweide.de\/radsport\/files\/2026\/03\/2026-03-16_763915920_RTF-Lok-Schoeneweide-ab-Bernau-T2-Mai-2026_-80-km.gpx\" data-type=\"URL\" data-id=\"https:\/\/www.komoot.de\/tour\/763915920\" target=\"_blank\" rel=\"noreferrer noopener\">Strecke 2: 80 Km<\/a><br><a href=\"https:\/\/esvlokschoeneweide.de\/radsport\/files\/2026\/03\/2026-03-16_763917037_RTF-Lok-Schoeneweide-ab-Bernau-T3-Mai-2026_-121-km.gpx\" data-type=\"URL\" data-id=\"https:\/\/www.komoot.de\/tour\/763917037\" target=\"_blank\" rel=\"noreferrer noopener\">Strecke 3: 121 Km<\/a><br><a href=\"https:\/\/esvlokschoeneweide.de\/radsport\/files\/2026\/03\/2026-03-16_763922161_RTF-Lok-Schoeneweide-ab-Bernau-T4-Mai-2026_-157-km.gpx\" data-type=\"URL\" data-id=\"https:\/\/www.komoot.de\/tour\/763922161\" target=\"_blank\" rel=\"noreferrer noopener\">Strecke 4: 157 Km<\/a><\/p>\n\n\n\n<p>Bis dahin: Bleibt Fit und Gesund<br>Euer ESV<\/p>\n\n\n\n<p><br>ngg_shortcode_0_placeholderngg_shortcode_1_placeholderngg_shortcode_2_placeholderngg_shortcode_3_placeholderngg_shortcode_4_placeholderngg_shortcode_5_placeholder<\/p>\n\n\n\n<p><a href=\"https:\/\/photos.google.com\/share\/AF1QipMYDjsy3UQQWXsKBEQKRSArvhmOkHvYUkjtE-HS7DgKO2MPenaUBeBLL9evvZhHuA?key=Z2lnY3h5dkxraFFUZ2VmNjg5TkgtUkppWHNiakZR\" target=\"_blank\" rel=\"noreferrer noopener\">Fotos &#8211; 17. RTF Bernau &#8211; zur Oder &#8211; Bernau<\/a> von Andreas Schmidt &#8211; ADW, Sektion Radsport<\/p>\n\n\n\n<p><a href=\"https:\/\/esvlokschoeneweide.de\/radsport\/files\/2020\/09\/RTF-Bericht-2019.pdf\" target=\"_blank\" rel=\"noreferrer noopener\">Bericht &#8211; RTF 17. Mai 2025<\/a><\/p>\n\n\n\n<p><a href=\"https:\/\/photos.google.com\/share\/AF1QipOHNeTP7s7dP4nMLgo3Em-3GJrami6C_SGBJhNdSkHYan8Mr5Jw_BQoYt7UnqJLhA?key=THdjMDVXT0d1SnVvX0dzSVRRUVFkMDZOWjJwdDB3\" data-type=\"URL\" data-id=\"https:\/\/photos.google.com\/share\/AF1QipOHNeTP7s7dP4nMLgo3Em-3GJrami6C_SGBJhNdSkHYan8Mr5Jw_BQoYt7UnqJLhA?key=THdjMDVXT0d1SnVvX0dzSVRRUVFkMDZOWjJwdDB3\" target=\"_blank\" rel=\"noreferrer noopener\">Fotos &#8211; 14. RTF Bernau &#8211; zur Oder &#8211; Bernau<\/a> von Andreas Schmidt &#8211; ADW, Sektion Radsport<\/p>\n\n\n\n<p><a rel=\"noreferrer noopener\" href=\"https:\/\/esvlokschoeneweide.de\/radsport\/files\/2020\/09\/RTF-Bericht-2019.pdf\" target=\"_blank\">Bericht &#8211; RTF 11. Mai 2019<\/a>&nbsp;&#8211; <a rel=\"noopener noreferrer\" href=\"https:\/\/esvlokschoeneweide.de\/radsport\/files\/2019\/05\/RTF_2019_12_RTF_190511_Statistik_B_O_B.pdf\" target=\"_blank\">Teilnehmerstatistik<\/a><\/p>\n\n\n\n<p><a href=\"https:\/\/esvlokschoeneweide.de\/radsport\/files\/2018\/12\/Bericht.RTF_.2018.pdf\" target=\"_blank\" rel=\"noopener noreferrer\">Bericht &#8211; RTF 26. Mai 2018<\/a>&nbsp;&#8211; <a href=\"http:\/\/www.brv-breitensport.de\/rueckblick\/saison-2018\/bernau-oder-bernau\/\" target=\"_blank\" rel=\"noopener noreferrer\">Bericht und Statistik auf dem Berliner Breitensport Portal<\/a><\/p>\n\n\n\n<p><a href=\"https:\/\/esvlokschoeneweide.de\/radsport\/files\/2017\/06\/RTF_2017_10_170607_B_O_B_Bericht_Gr\u00e4tz.pdf\" target=\"_blank\" rel=\"noopener noreferrer\">Bericht &#8211; RTF 21. Mai 2017<\/a>&nbsp;&#8211;&nbsp;<a title=\"Teilnehmerstatistik 2014\" href=\"https:\/\/esvlokschoeneweide.de\/radsport\/files\/2013\/01\/RTF_2017_10_170602_B_O_B_Teilnehmerstatistik-1.pdf\" target=\"_blank\" rel=\"noopener noreferrer\">Teilnehmerstatistik<\/a><\/p>\n\n\n\n<p><a href=\"https:\/\/esvlokschoeneweide.de\/radsport\/files\/2016\/09\/2016_160601_9RTF_B_O_B_Bericht_Gr\u00e4tz.pdf\" target=\"_blank\" rel=\"noopener noreferrer\">Bericht &#8211; RTF 21. Mai 2016<\/a>&nbsp;&#8211;&nbsp;<a title=\"Teilnehmerstatistik 2014\" href=\"https:\/\/esvlokschoeneweide.de\/radsport\/files\/2016\/09\/2016_160531_9RTF_B_O_B_Teilnehmerstatistik.pdf\" target=\"_blank\" rel=\"noopener noreferrer\">Teilnehmerstatistik<\/a><\/p>\n\n\n\n<p><a href=\"https:\/\/esvlokschoeneweide.de\/radsport\/files\/2015\/06\/RTF_2015_Bericht_\u00fcberarbeitet.pdf\" target=\"_blank\" rel=\"noopener noreferrer\">Bericht &#8211; RTF 09. Mai 2015<\/a>&nbsp;&#8211; <a href=\"https:\/\/esvlokschoeneweide.de\/radsport\/files\/2015\/06\/RTF_2015_Teilnehmerstatistik_Gr\u00e4tz_150511.pdf\" target=\"_blank\" rel=\"noopener noreferrer\">Teilnehmerstatistik<\/a><\/p>\n\n\n\n<p><a title=\"Bericht 2014\" href=\"http:\/\/esvlokschoeneweide.de\/radsport\/files\/2014\/09\/2014_140515_RTF_f\u00fcr_den_Bericht.pdf\" target=\"_blank\" rel=\"noopener noreferrer\">Bericht &#8211; RTF 10. Mai 2014<\/a> &#8211; <a title=\"Teilnehmerstatistik 2014\" href=\"http:\/\/esvlokschoeneweide.de\/radsport\/files\/2014\/09\/2014_140515_RTF_Teilnehmerstatistik.pdf\" target=\"_blank\" rel=\"noopener noreferrer\">Teilnehmerstatistik<\/a><\/p>\n\n\n\n<p><a title=\"Bericht 2013\" href=\"http:\/\/esvlokschoeneweide.de\/radsport\/files\/2013\/07\/130604_RTF_am_130604_Bericht.pdf\" target=\"_blank\" rel=\"noopener noreferrer\">Bericht &#8211; RTF 04. Mai 2013<\/a>&nbsp;&#8211; <a title=\"Teilnehmerstatistik 2013\" href=\"http:\/\/esvlokschoeneweide.de\/radsport\/files\/2013\/07\/130515_RTF_am_130504_Teilnehmerstatistik.pdf\" target=\"_blank\" rel=\"noopener noreferrer\">Teilnehmerstatistik<\/a><\/p>\n\n\n\n<p><a title=\"Bericht 2012\" href=\"http:\/\/esvlokschoeneweide.de\/radsport\/files\/2013\/01\/120512_RTF_-2012_Bericht_Manfred_Gr\u00e4tz.pdf\" target=\"_blank\" rel=\"noopener noreferrer\">Bericht &#8211; RTF 05. Mai 2012<\/a>&nbsp;&#8211;&nbsp;<a title=\"Teilnehmerstatisktik 2012\" href=\"http:\/\/esvlokschoeneweide.de\/radsport\/files\/2013\/01\/2012_-F9_120508_Teilnehmer_Statistik.pdf\" target=\"_blank\" rel=\"noopener noreferrer\">Teilnehmerstatistik<\/a><\/p>\n\n\n\n<p><a title=\"Bericht 2011\" href=\"http:\/\/esvlokschoeneweide.de\/radsport\/files\/2013\/01\/110720_RTF_2011_Artikel_-Manfred_Gr\u00e4tz.pdf\" target=\"_blank\" rel=\"noopener noreferrer\">Bericht &#8211; RTF 07. Mai 2011<\/a><\/p>\n\n\n\n<p><a title=\"Bericht 2010\" href=\"http:\/\/esvlokschoeneweide.de\/radsport\/files\/2013\/01\/100502_RTF_2010_Bericht.pdf\" target=\"_blank\" rel=\"noopener noreferrer\">Bericht &#8211; RTF 24. April 2010<\/a><\/p>\n\n\n\n<p><a title=\"Bericht 2009\" href=\"http:\/\/esvlokschoeneweide.de\/radsport\/files\/2013\/01\/100217_RTF_2009_Bericht_zum_090711.pdf\" target=\"_blank\" rel=\"noopener noreferrer\">Bericht &#8211; RTF 11. Juli 2009<\/a><\/p>\n\n\n\n<p>F\u00fcr die Berichte und Teilnehmerstatistiken wird das Program <a href=\"http:\/\/get.adobe.com\/de\/reader\/\" target=\"_blank\" rel=\"noopener noreferrer\">Adobe Reader<\/a>,&nbsp;oder ein anderes Programm welches PDF-Dateien anzeigen kann, ben\u00f6tigt.<\/p>\n\n\n\n<p>Stand: 07.02.2025<\/p>\n","protected":false},"excerpt":{"rendered":"<p>09.05.2026 &#8211; 18. RTF Bernau &#8211; zur Oder &#8211; Bernau Am 09.05.2026 &#8211; Make RTF Great again \ud83d\ude09 Ich finde diesen Spruch nicht mehr lustig. Aber f\u00fcr den allgemeinen Fitnesszustand [&hellip;]<\/p>\n","protected":false},"author":12,"featured_media":0,"parent":0,"menu_order":300,"comment_status":"closed","ping_status":"closed","template":"","meta":{"inline_featured_image":false,"ngg_post_thumbnail":0,"footnotes":"","_links_to":"","_links_to_target":""},"class_list":["post-33","page","type-page","status-publish","hentry"],"_links":{"self":[{"href":"https:\/\/esvlokschoeneweide.de\/radsport\/wp-json\/wp\/v2\/pages\/33","targetHints":{"allow":["GET"]}}],"collection":[{"href":"https:\/\/esvlokschoeneweide.de\/radsport\/wp-json\/wp\/v2\/pages"}],"about":[{"href":"https:\/\/esvlokschoeneweide.de\/radsport\/wp-json\/wp\/v2\/types\/page"}],"author":[{"embeddable":true,"href":"https:\/\/esvlokschoeneweide.de\/radsport\/wp-json\/wp\/v2\/users\/12"}],"replies":[{"embeddable":true,"href":"https:\/\/esvlokschoeneweide.de\/radsport\/wp-json\/wp\/v2\/comments?post=33"}],"version-history":[{"count":186,"href":"https:\/\/esvlokschoeneweide.de\/radsport\/wp-json\/wp\/v2\/pages\/33\/revisions"}],"predecessor-version":[{"id":3687,"href":"https:\/\/esvlokschoeneweide.de\/radsport\/wp-json\/wp\/v2\/pages\/33\/revisions\/3687"}],"wp:attachment":[{"href":"https:\/\/esvlokschoeneweide.de\/radsport\/wp-json\/wp\/v2\/media?parent=33"}],"curies":[{"name":"wp","href":"https:\/\/api.w.org\/{rel}","templated":true}]}}