{"id":191,"date":"2018-04-01T21:08:40","date_gmt":"2018-04-01T19:08:40","guid":{"rendered":"http:\/\/esvlokschoeneweide.de\/tennis\/?page_id=191"},"modified":"2024-05-27T11:34:52","modified_gmt":"2024-05-27T09:34:52","slug":"studententarif","status":"publish","type":"page","link":"https:\/\/esvlokschoeneweide.de\/tennis\/wissenswertes\/gastspieler\/studententarif\/","title":{"rendered":"Spezial-Angebot f\u00fcr Studenten der TH Wildau"},"content":{"rendered":"<div class=\"wp-block-image\">\n<figure class=\"alignleft\"><img decoding=\"async\" src=\"https:\/\/esvlokschoeneweide.de\/tennis\/files\/2019\/06\/Logo-TH-Wildau.png\" alt=\"\" class=\"wp-image-2454\"\/><\/figure>\n<\/div>\n\n\n<p>Studenten der TH Wildau haben die M\u00f6glichkeit die Mitgliedschaft zum Sonderpreis von 120\u20ac (statt 170\u20ac) pro Jahr abzuschlie\u00dfen.<\/p>\n\n\n\n<p>Weiterhin bietet die TH Wildau regelm\u00e4\u00dfig Tennis-Camps auf unserer Anlage an.<\/p>\n\n\n\n<p><\/p>\n\n\n\n<p>Weitere Infos und die M\u00f6glichkeit Euch anzumelden, findet ihr auf der <a href=\"https:\/\/www.th-wildau.de\/index.php?id=13426\" target=\"_blank\" rel=\"noopener noreferrer\">Homepage der TH Wildau<\/a>.<\/p>\n\n\n\n<p>Wir w\u00fcnschen Euch ein erfolgreiches Semester und viel Spa\u00df beim Tennis!<\/p>\n\n\n\n<figure class=\"wp-block-image size-large\"><a href=\"https:\/\/esvlokschoeneweide.de\/tennis\/files\/2021\/07\/20210718_Teilnehmer-TennisCamp-TH-Wildau-scaled-e1626690382718.jpg\"><img loading=\"lazy\" decoding=\"async\" width=\"1024\" height=\"768\" src=\"https:\/\/esvlokschoeneweide.de\/tennis\/files\/2021\/07\/20210718_Teilnehmer-TennisCamp-TH-Wildau-1024x768.jpg\" alt=\"\" class=\"wp-image-3127\"\/><\/a><\/figure>\n","protected":false},"excerpt":{"rendered":"<p>Studenten der TH Wildau haben die M\u00f6glichkeit die Mitgliedschaft zum Sonderpreis von 120\u20ac (statt 170\u20ac) pro Jahr abzuschlie\u00dfen. Weiterhin bietet die TH Wildau regelm\u00e4\u00dfig Tennis-Camps auf unserer Anlage an. Weitere [&hellip;]<\/p>\n","protected":false},"author":19,"featured_media":0,"parent":95,"menu_order":1,"comment_status":"closed","ping_status":"closed","template":"","meta":{"inline_featured_image":false,"ngg_post_thumbnail":0,"footnotes":"","_links_to":"","_links_to_target":""},"class_list":["post-191","page","type-page","status-publish","hentry"],"_links":{"self":[{"href":"https:\/\/esvlokschoeneweide.de\/tennis\/wp-json\/wp\/v2\/pages\/191","targetHints":{"allow":["GET"]}}],"collection":[{"href":"https:\/\/esvlokschoeneweide.de\/tennis\/wp-json\/wp\/v2\/pages"}],"about":[{"href":"https:\/\/esvlokschoeneweide.de\/tennis\/wp-json\/wp\/v2\/types\/page"}],"author":[{"embeddable":true,"href":"https:\/\/esvlokschoeneweide.de\/tennis\/wp-json\/wp\/v2\/users\/19"}],"replies":[{"embeddable":true,"href":"https:\/\/esvlokschoeneweide.de\/tennis\/wp-json\/wp\/v2\/comments?post=191"}],"version-history":[{"count":34,"href":"https:\/\/esvlokschoeneweide.de\/tennis\/wp-json\/wp\/v2\/pages\/191\/revisions"}],"predecessor-version":[{"id":4044,"href":"https:\/\/esvlokschoeneweide.de\/tennis\/wp-json\/wp\/v2\/pages\/191\/revisions\/4044"}],"up":[{"embeddable":true,"href":"https:\/\/esvlokschoeneweide.de\/tennis\/wp-json\/wp\/v2\/pages\/95"}],"wp:attachment":[{"href":"https:\/\/esvlokschoeneweide.de\/tennis\/wp-json\/wp\/v2\/media?parent=191"}],"curies":[{"name":"wp","href":"https:\/\/api.w.org\/{rel}","templated":true}]}}