{"id":1954,"date":"2018-01-15T14:52:36","date_gmt":"2018-01-15T13:52:36","guid":{"rendered":"http:\/\/esvlokschoeneweide.de\/tennis\/?page_id=1954"},"modified":"2023-03-29T13:38:44","modified_gmt":"2023-03-29T11:38:44","slug":"bambini-jugend","status":"publish","type":"page","link":"https:\/\/esvlokschoeneweide.de\/tennis\/altersklassen\/bambini-jugend\/","title":{"rendered":"Bambini\/Jugend"},"content":{"rendered":"<div class=\"wp-block-image\">\n<figure class=\"aligncenter\"><img decoding=\"async\" src=\"https:\/\/esvlokschoeneweide.de\/tennis\/files\/2012\/03\/Biene_v10_1_Wasserzeichen.jpg\" alt=\"\" class=\"wp-image-645\"\/><\/figure>\n<\/div>\n\n\n<figure class=\"wp-block-table aligncenter is-style-regular\"><table><tbody><tr><td><em>Unser Abteilungsmaskottchen freut sich auf euch!<\/em><\/td><\/tr><\/tbody><\/table><\/figure>\n\n\n\n<p>Unsere Kinder werden von einem unserer zertifizierten Trainer angeleitet. Die Kinder entwickeln im&nbsp;Rahmen des Trainings spielend Ballgef\u00fchl, Koordination und K\u00f6rperbewusstsein. Der Spa\u00df am Sport in der Gemeinschaft steht dabei immer im Vordergrund.<\/p>\n\n\n\n<p>Sp\u00e4ter k\u00f6nnen sie dann neben dem Training auch am Wettkampfsport innerhalb einer Mannschaft teilnehmen.<\/p>\n\n\n\n<p>Wir freuen uns \u00fcber alle Kinder ab 5 Jahren. Sie k\u00f6nnen unseren Verein zusammen mit Ihren Eltern im Rahmen unserer \u00f6ffentlichen Schnupperaktionen kennenlernen.<\/p>\n\n\n\n<p><span style=\"color: #a81e1e;\">Unsere n\u00e4chsten Aktionen:<\/span><\/p>\n\n\n\n<ol class=\"wp-block-list\">\n<li><span style=\"color: #a81e1e;\">Deutschland spielt Tennis am Samstag, 06.05.2023 von 12-17 Uhr<\/span><\/li>\n\n\n\n<li><span style=\"color: #a81e1e;\">Tennis-Feriencamp f\u00fcr Kinder von 9-12 Jahre von Freitag bis Sonntag, 14.-16.07.2023 jeweils von 9-16 Uhr<\/span><\/li>\n\n\n\n<li><span style=\"color: #a81e1e;\">Eltern-Kind-Tennis f\u00fcr Kinder von 9-12 Jahre am Montag, 26.08.2023 von 9-14 Uhr<\/span><\/li>\n<\/ol>\n\n\n\n<p>Regul\u00e4r trainiert unsere Kindergruppe im Winter (November-April) am Sonntag in der Zeit von 11-12 Uhr in unserer vereinseigenen Turnhalle (Adlergestell 143, 12439 Berlin) und im Sommer (Mai-Oktober) am Dienstag in der Zeit von 16-17 Uhr auf unserer Tennisanlage.<\/p>\n\n\n\n<p>Die Vereinbarung individueller Termine ist jederzeit \u00fcber unser <span style=\"color: #a81e1e;\"><a style=\"color: #a81e1e;\" href=\"http:\/\/esvlokschoeneweide.de\/tennis\/kontakt\/\">Kontaktformular<\/a> <\/span>m\u00f6glich.<\/p>\n\n\n\n<p>Wie Tennistraining f\u00fcr Kinder aussehen k\u00f6nnen, zeigt nachfolgendes Video:<\/p>\n\n\n\n<figure class=\"wp-block-embed is-type-video is-provider-youtube wp-block-embed-youtube wp-embed-aspect-16-9 wp-has-aspect-ratio\"><div class=\"wp-block-embed__wrapper\">\n<div class=\"video-wrapped\" style=\"width: 500px; height: 281px; background-image: url('https:\/\/esvlokschoeneweide.de\/tennis\/wp-content\/plugins\/video-embed-privacy\/preview\/DaCNdeYY4qo.jpg')\" data-embed-frame=\"&lt;iframe title=&quot;Beidh\u00e4ndige R\u00fcckhand Tennis - offene oder geschlossene Beinstellung&quot; width=&quot;500&quot; height=&quot;281&quot; src=&quot;https:\/\/www.youtube.com\/embed\/DaCNdeYY4qo?feature=oembed&quot; frameborder=&quot;0&quot; allow=&quot;accelerometer; autoplay; clipboard-write; encrypted-media; gyroscope; picture-in-picture; web-share&quot; referrerpolicy=&quot;strict-origin-when-cross-origin&quot; allowfullscreen&gt;&lt;\/iframe&gt;\" data-embed-play=\"Abspielen&lt;div class=&quot;small&quot;&gt;Das Video wird von Youtube eingebettet abespielt. Es gilt die &lt;a href=&quot;https:\/\/www.google.com\/intl\/de\/policies\/privacy\/&quot; target=&quot;_blank&quot;&gt;Datenschutzerkl\u00e4rung von Google&lt;\/a&gt;&lt;\/div&gt;\"><div class=\"video-wrapped-nojs\">Aktivieren Sie JavaScript um das Video zu sehen.<br\/><a href=\"https:\/\/youtu.be\/DaCNdeYY4qo\">https:\/\/youtu.be\/DaCNdeYY4qo<\/a><\/div><\/div>\n<\/div><\/figure>\n\n\n\n<p>Au\u00dferdem gibt es f\u00fcr engagierte Tenniseltern jetzt ein Kinder-Tennisbuch zum kostenlosen Download. Die Idee dazu hatte der Berliner Hajo Zickermann, der das Projekt in Eigenregie umsetzte und sein Werk mit den tollen farbigen Illustrationen nun zum kostenlosen Download zur Verf\u00fcgung stellt.<br>Das Buch ist f\u00fcr Kinder im Alter zwischen 5 und 1o Jahren geeignet, die sich neben dem Tennistraining auf spielerische Weise mit dem Tennissport besch\u00e4ftigen m\u00f6chten. Es ist in drei Stufen eingeteilt. Im roten Abschnitt stellt das K\u00e4nguru \u201eEddie\u201c den 5-6 J\u00e4hrigen Fragen zum Thema Tennis. F\u00fcr den orangen Abschnitt und die Kinder im Alter von 7 und 8 Jahren ist \u201eKarlchen\u201c der Elefant zust\u00e4ndig und im gr\u00fcnen Abschnitt f\u00fchrt \u201eLouis\u201c der L\u00f6we die Kinder im Alter von 9 und 10 Jahren durch das Buch.<\/p>\n\n\n<div class=\"wp-block-image\">\n<figure class=\"aligncenter\"><img decoding=\"async\" src=\"https:\/\/esvlokschoeneweide.de\/tennis\/files\/2018\/01\/kindertennisbuch2.jpg\" alt=\"\" class=\"wp-image-1947\"\/><\/figure>\n<\/div>\n\n\n<p>Das Kinderbuch kann als PDF-Dokument im A4-Format direkt am Computer ausgedruckt werden. \u00dcber die folgende Homepage kann man sich das Kindertennisbuch anschauen und kostenlos herunterladen:&nbsp;<a href=\"http:\/\/www.ommh.de\/tennisbuch\" target=\"_blank\" rel=\"noopener noreferrer\">http:\/\/www.ommh<wbr>.de\/tennisbuch<\/a><\/p>\n\n\n\n<p>Wir sagen Danke f\u00fcr die tolle Idee!<\/p>\n","protected":false},"excerpt":{"rendered":"<p>Unser Abteilungsmaskottchen freut sich auf euch! Unsere Kinder werden von einem unserer zertifizierten Trainer angeleitet. Die Kinder entwickeln im&nbsp;Rahmen des Trainings spielend Ballgef\u00fchl, Koordination und K\u00f6rperbewusstsein. Der Spa\u00df am Sport [&hellip;]<\/p>\n","protected":false},"author":19,"featured_media":0,"parent":70,"menu_order":0,"comment_status":"closed","ping_status":"closed","template":"","meta":{"inline_featured_image":false,"ngg_post_thumbnail":0,"footnotes":"","_links_to":"","_links_to_target":""},"class_list":["post-1954","page","type-page","status-publish","hentry"],"_links":{"self":[{"href":"https:\/\/esvlokschoeneweide.de\/tennis\/wp-json\/wp\/v2\/pages\/1954","targetHints":{"allow":["GET"]}}],"collection":[{"href":"https:\/\/esvlokschoeneweide.de\/tennis\/wp-json\/wp\/v2\/pages"}],"about":[{"href":"https:\/\/esvlokschoeneweide.de\/tennis\/wp-json\/wp\/v2\/types\/page"}],"author":[{"embeddable":true,"href":"https:\/\/esvlokschoeneweide.de\/tennis\/wp-json\/wp\/v2\/users\/19"}],"replies":[{"embeddable":true,"href":"https:\/\/esvlokschoeneweide.de\/tennis\/wp-json\/wp\/v2\/comments?post=1954"}],"version-history":[{"count":15,"href":"https:\/\/esvlokschoeneweide.de\/tennis\/wp-json\/wp\/v2\/pages\/1954\/revisions"}],"predecessor-version":[{"id":3812,"href":"https:\/\/esvlokschoeneweide.de\/tennis\/wp-json\/wp\/v2\/pages\/1954\/revisions\/3812"}],"up":[{"embeddable":true,"href":"https:\/\/esvlokschoeneweide.de\/tennis\/wp-json\/wp\/v2\/pages\/70"}],"wp:attachment":[{"href":"https:\/\/esvlokschoeneweide.de\/tennis\/wp-json\/wp\/v2\/media?parent=1954"}],"curies":[{"name":"wp","href":"https:\/\/api.w.org\/{rel}","templated":true}]}}