{"id":910,"date":"2015-02-18T19:51:44","date_gmt":"2015-02-18T18:51:44","guid":{"rendered":"http:\/\/esvlokschoeneweide.de\/tennis\/?page_id=910"},"modified":"2021-08-09T14:01:11","modified_gmt":"2021-08-09T12:01:11","slug":"kontakt","status":"publish","type":"page","link":"https:\/\/esvlokschoeneweide.de\/tennis\/kontakt\/","title":{"rendered":"Kontakt"},"content":{"rendered":"\n<p><span style=\"text-decoration: underline;\">Anfahrt<\/span><\/p>\n\n\n\n<p>Auto: \u00fcber die A 113, Ausfahrt Adlershof (5)<\/p>\n\n\n\n<p>S-Bahn: S 8 (Ri. Zeuthen), S 9 (Ri. Flughafen Berlin-Sch\u00f6nefeld), S 46 (Ri. K\u00f6nigs Wusterhausen) bis S-Bahnhof Johannisthal, \u00fcber die Fu\u00dfg\u00e4ngerbr\u00fccke und dann ca. 200 m nach links<\/p>\n\n\n\n<figure class=\"wp-block-gallery columns-1 is-cropped wp-block-gallery-1 is-layout-flex wp-block-gallery-is-layout-flex\"><ul class=\"blocks-gallery-grid\"><li class=\"blocks-gallery-item\"><figure><a href=\"https:\/\/esvlokschoeneweide.de\/tennis\/files\/2021\/08\/Anfahrt-Tennis.gif\"><img loading=\"lazy\" decoding=\"async\" width=\"960\" height=\"720\" src=\"https:\/\/esvlokschoeneweide.de\/tennis\/files\/2021\/08\/Anfahrt-Tennis.gif\" alt=\"\" data-id=\"3160\" data-full-url=\"https:\/\/esvlokschoeneweide.de\/tennis\/files\/2021\/08\/Anfahrt-Tennis.gif\" data-link=\"https:\/\/esvlokschoeneweide.de\/tennis\/kontakt\/anfahrt-tennis-2\/\" class=\"wp-image-3160\"\/><\/a><\/figure><\/li><\/ul><\/figure>\n","protected":false},"excerpt":{"rendered":"<p>Anfahrt Auto: \u00fcber die A 113, Ausfahrt Adlershof (5) S-Bahn: S 8 (Ri. Zeuthen), S 9 (Ri. Flughafen Berlin-Sch\u00f6nefeld), S 46 (Ri. K\u00f6nigs Wusterhausen) bis S-Bahnhof Johannisthal, \u00fcber die Fu\u00dfg\u00e4ngerbr\u00fccke [&hellip;]<\/p>\n","protected":false},"author":19,"featured_media":0,"parent":0,"menu_order":0,"comment_status":"closed","ping_status":"closed","template":"feedback.php","meta":{"inline_featured_image":false,"ngg_post_thumbnail":0,"footnotes":"","_links_to":"","_links_to_target":""},"class_list":["post-910","page","type-page","status-publish","hentry"],"_links":{"self":[{"href":"https:\/\/esvlokschoeneweide.de\/tennis\/wp-json\/wp\/v2\/pages\/910","targetHints":{"allow":["GET"]}}],"collection":[{"href":"https:\/\/esvlokschoeneweide.de\/tennis\/wp-json\/wp\/v2\/pages"}],"about":[{"href":"https:\/\/esvlokschoeneweide.de\/tennis\/wp-json\/wp\/v2\/types\/page"}],"author":[{"embeddable":true,"href":"https:\/\/esvlokschoeneweide.de\/tennis\/wp-json\/wp\/v2\/users\/19"}],"replies":[{"embeddable":true,"href":"https:\/\/esvlokschoeneweide.de\/tennis\/wp-json\/wp\/v2\/comments?post=910"}],"version-history":[{"count":9,"href":"https:\/\/esvlokschoeneweide.de\/tennis\/wp-json\/wp\/v2\/pages\/910\/revisions"}],"predecessor-version":[{"id":3161,"href":"https:\/\/esvlokschoeneweide.de\/tennis\/wp-json\/wp\/v2\/pages\/910\/revisions\/3161"}],"wp:attachment":[{"href":"https:\/\/esvlokschoeneweide.de\/tennis\/wp-json\/wp\/v2\/media?parent=910"}],"curies":[{"name":"wp","href":"https:\/\/api.w.org\/{rel}","templated":true}]}}