{"id":23,"date":"2012-05-29T14:05:56","date_gmt":"2012-05-29T12:05:56","guid":{"rendered":"http:\/\/esvlokschoeneweide.de\/tischtennis\/?page_id=23"},"modified":"2026-03-11T12:30:12","modified_gmt":"2026-03-11T11:30:12","slug":"ueber","status":"publish","type":"page","link":"https:\/\/esvlokschoeneweide.de\/tischtennis\/ueber\/","title":{"rendered":"\u00dcber uns"},"content":{"rendered":"<dl>\n<dd><\/dd>\n<\/dl>\n<dl>\n<dt><\/dt>\n<\/dl>\n<table style=\"height: 349px;width: 572px\">\n<tbody>\n<tr style=\"height: 32px\">\n<td style=\"height: 32px;width: 146px\" width=\"149\">\n<p>1. Vorsitzender:<\/p>\n<\/td>\n<td style=\"height: 32px;width: 426px\" width=\"463\">Ralf Tege<\/td>\n<\/tr>\n<tr style=\"height: 32px\">\n<td style=\"height: 32px;width: 146px\" width=\"149\">&nbsp;<\/td>\n<td style=\"height: 32px;width: 426px\" width=\"463\">\n<p>Tel: +49 176 57916425<\/p>\n<p>Mail: Tischtennis(at)esvLokSchoeneweide.de<\/p>\n<\/td>\n<\/tr>\n<tr style=\"height: 32px\">\n<td style=\"height: 32px;width: 146px\" width=\"149\">\n<p>2. Vorsitzender<\/p>\n<\/td>\n<td style=\"height: 32px;width: 426px\" width=\"463\">Wolfgang Widder<\/td>\n<\/tr>\n<tr style=\"height: 32px\">\n<td style=\"height: 32px;width: 146px\" width=\"149\">Kassenwart:<\/td>\n<td style=\"height: 32px;width: 426px\" width=\"463\">Jens Utecht<\/td>\n<\/tr>\n<tr style=\"height: 32px\">\n<td style=\"height: 32px;width: 146px\" width=\"149\">Sportwart<\/td>\n<td style=\"height: 32px;width: 426px\" width=\"463\">R\u00fcdiger Brockmann<\/td>\n<\/tr>\n<tr style=\"height: 32px\">\n<td style=\"height: 32px;width: 146px\" width=\"149\">Ger\u00e4tewart:<\/td>\n<td style=\"height: 32px;width: 426px\" width=\"463\">Peter Hollwitz<\/td>\n<\/tr>\n<tr style=\"height: 32px\">\n<td style=\"height: 32px;width: 146px\" width=\"149\">Jugendwart:<\/td>\n<td style=\"height: 32px;width: 426px\" width=\"463\">Horst Hennig<\/td>\n<\/tr>\n<tr>\n<td style=\"width: 146px\" width=\"149\">\u00dcbungsleiter f\u00fcr Kinder und Jugendliche<\/td>\n<td style=\"width: 426px\" width=\"463\">Manfred Garske&nbsp; 01578 9118517<\/td>\n<\/tr>\n<tr>\n<td style=\"width: 146px\" width=\"149\">&nbsp;<\/td>\n<td style=\"width: 426px\" width=\"463\">&nbsp;<\/td>\n<\/tr>\n<tr style=\"height: 32px\">\n<td style=\"height: 32px;width: 146px\" width=\"149\">&nbsp;<\/td>\n<td style=\"height: 32px;width: 426px\" width=\"463\">&nbsp;<\/td>\n<\/tr>\n<\/tbody>\n<\/table>\n<p>Mitgliederzahl: ca. 48<\/p>\n<p>Anzahl der Tische: maximal 7<\/p>\n<p>&nbsp;<\/p>\n<p>&nbsp;<\/p>\n<p><strong>Die Trainingszeiten f\u00fcr die Abteilung sind <\/strong><strong>wie folgt: <\/strong><\/p>\n<p>(G\u00fcltig ab 16.10.2017)<\/p>\n<p><strong>&nbsp;<\/strong><\/p>\n<table>\n<tbody>\n<tr>\n<td width=\"149\"><strong>Mittwoch:<\/strong><\/td>\n<td width=\"189\"><strong>ab 16:00 &#8211; 17.30 Uhr<\/strong><\/td>\n<td width=\"276\"><strong>Kinder- und Jugendtraining<\/strong><\/td>\n<\/tr>\n<tr>\n<td width=\"149\">&nbsp;<\/td>\n<td width=\"189\"><strong>ab 17:30 Uhr<br><\/strong><\/td>\n<td width=\"276\"><strong>Abteilungstraining<\/strong><\/td>\n<\/tr>\n<tr>\n<td width=\"149\"><strong>Freitag:<\/strong><\/td>\n<td width=\"189\"><strong>ab 18:30 Uhr<\/strong><\/td>\n<td width=\"276\"><strong>Abteilungstraining<\/strong><\/td>\n<\/tr>\n<\/tbody>\n<\/table>\n<p>Zu den Trainingszeiten muss einer der Hallenschl\u00fcsselverantwortlichen, der Mannschaftsleiter oder der \u00dcbungsleiter f\u00fcr Kinder und Jugendliche anwesend sein.<\/p>\n<p>&nbsp;<\/p>\n<p style=\"text-align: left\">Sporthalle: Werk-Sch\u00f6neweide, Adlergestell 143, 12439 Berlin<br>Wir geh\u00f6ren zum <a href=\"http:\/\/www.esvlokschoeneweide.de\/\">ESV Lok Berlin-Sch\u00f6neweide<\/a> und wir sind Mitglied im <a href=\"http:\/\/www.bettv.de\/\" target=\"_extern\" rel=\"noopener noreferrer\">Berliner Tischtennisverband<\/a>.<\/p>\n\n\n<p><\/p>\n","protected":false},"excerpt":{"rendered":"<p>1. Vorsitzender: Ralf Tege &nbsp; Tel: +49 176 57916425 Mail: Tischtennis(at)esvLokSchoeneweide.de 2. Vorsitzender Wolfgang Widder Kassenwart: Jens Utecht Sportwart R\u00fcdiger Brockmann Ger\u00e4tewart: Peter Hollwitz Jugendwart: Horst Hennig \u00dcbungsleiter f\u00fcr Kinder [&hellip;]<\/p>\n","protected":false},"author":18,"featured_media":0,"parent":0,"menu_order":50,"comment_status":"closed","ping_status":"open","template":"","meta":{"inline_featured_image":false,"ngg_post_thumbnail":0,"footnotes":"","_links_to":"","_links_to_target":""},"class_list":["post-23","page","type-page","status-publish","hentry"],"_links":{"self":[{"href":"https:\/\/esvlokschoeneweide.de\/tischtennis\/wp-json\/wp\/v2\/pages\/23","targetHints":{"allow":["GET"]}}],"collection":[{"href":"https:\/\/esvlokschoeneweide.de\/tischtennis\/wp-json\/wp\/v2\/pages"}],"about":[{"href":"https:\/\/esvlokschoeneweide.de\/tischtennis\/wp-json\/wp\/v2\/types\/page"}],"author":[{"embeddable":true,"href":"https:\/\/esvlokschoeneweide.de\/tischtennis\/wp-json\/wp\/v2\/users\/18"}],"replies":[{"embeddable":true,"href":"https:\/\/esvlokschoeneweide.de\/tischtennis\/wp-json\/wp\/v2\/comments?post=23"}],"version-history":[{"count":89,"href":"https:\/\/esvlokschoeneweide.de\/tischtennis\/wp-json\/wp\/v2\/pages\/23\/revisions"}],"predecessor-version":[{"id":1557,"href":"https:\/\/esvlokschoeneweide.de\/tischtennis\/wp-json\/wp\/v2\/pages\/23\/revisions\/1557"}],"wp:attachment":[{"href":"https:\/\/esvlokschoeneweide.de\/tischtennis\/wp-json\/wp\/v2\/media?parent=23"}],"curies":[{"name":"wp","href":"https:\/\/api.w.org\/{rel}","templated":true}]}}