{"id":2,"date":"2012-03-06T08:58:20","date_gmt":"2012-03-06T07:58:20","guid":{"rendered":"http:\/\/esvlokschoeneweide.de\/turnen\/?page_id=2"},"modified":"2024-10-14T22:07:55","modified_gmt":"2024-10-14T20:07:55","slug":"abteilung-turnen","status":"publish","type":"page","link":"https:\/\/esvlokschoeneweide.de\/turnen\/","title":{"rendered":"Willkommen in der Abteilung Turnen des ESV Lok Berlin &#8211; Sch\u00f6neweide e.V."},"content":{"rendered":"\n<figure class=\"wp-block-image\"><a href=\"https:\/\/esvlokschoeneweide.de\/turnen\/files\/2014\/09\/ESV_Halle_2.jpg\"><img loading=\"lazy\" decoding=\"async\" width=\"300\" height=\"187\" src=\"https:\/\/esvlokschoeneweide.de\/turnen\/files\/2014\/09\/ESV_Halle_2-300x187.jpg\" alt=\"ESV_Halle_2.jpg\" class=\"wp-image-203\" srcset=\"https:\/\/esvlokschoeneweide.de\/turnen\/files\/2014\/09\/ESV_Halle_2-300x187.jpg 300w, https:\/\/esvlokschoeneweide.de\/turnen\/files\/2014\/09\/ESV_Halle_2-1024x638.jpg 1024w, https:\/\/esvlokschoeneweide.de\/turnen\/files\/2014\/09\/ESV_Halle_2.jpg 1231w\" sizes=\"auto, (max-width: 300px) 100vw, 300px\" \/><\/a><\/figure>\n\n\n\n<p><span style=\"color: #ff0000\">&nbsp;<\/span><\/p>\n\n\n\n<p>In der Abteilung Turnen trainieren zurzeit ca. 50 Kinder und Jugendliche im Alter von 2 bis ca. 18 Jahren in den drei Gruppen:<\/p>\n\n\n\n<ul class=\"wp-block-list\">\n<li><em><a href=\"http:\/\/esvlokschoeneweide.de\/turnen\/training\/kleinkinderturnen\/\">Kleinkinderturnen<\/a><\/em><\/li>\n\n\n\n<li><em><a href=\"http:\/\/esvlokschoeneweide.de\/turnen\/training\/kinderturnen\/\">Kinderturnen<\/a><\/em><\/li>\n\n\n\n<li><em><a href=\"http:\/\/esvlokschoeneweide.de\/turnen\/training\/jugendturnen\/\">Jugendturnen<\/a><\/em><\/li>\n<\/ul>\n\n\n\n<p>Wir suchen Verst\u00e4rkung f\u00fcr unser Team mit dem Schwerpunkt Organisation (Mitgliederverwaltung, Ger\u00e4tewartung, Veranstaltungen, etc.). Bei Interesse meldet euch gerne \u00fcber das Kontakformular auf dieser Seite.<\/p>\n","protected":false},"excerpt":{"rendered":"<p>&nbsp; In der Abteilung Turnen trainieren zurzeit ca. 50 Kinder und Jugendliche im Alter von 2 bis ca. 18 Jahren in den drei Gruppen: Wir suchen Verst\u00e4rkung f\u00fcr unser Team [&hellip;]<\/p>\n","protected":false},"author":5,"featured_media":0,"parent":0,"menu_order":0,"comment_status":"closed","ping_status":"closed","template":"","meta":{"inline_featured_image":false,"ngg_post_thumbnail":0,"footnotes":"","_links_to":"","_links_to_target":""},"class_list":["post-2","page","type-page","status-publish","hentry"],"_links":{"self":[{"href":"https:\/\/esvlokschoeneweide.de\/turnen\/wp-json\/wp\/v2\/pages\/2","targetHints":{"allow":["GET"]}}],"collection":[{"href":"https:\/\/esvlokschoeneweide.de\/turnen\/wp-json\/wp\/v2\/pages"}],"about":[{"href":"https:\/\/esvlokschoeneweide.de\/turnen\/wp-json\/wp\/v2\/types\/page"}],"author":[{"embeddable":true,"href":"https:\/\/esvlokschoeneweide.de\/turnen\/wp-json\/wp\/v2\/users\/5"}],"replies":[{"embeddable":true,"href":"https:\/\/esvlokschoeneweide.de\/turnen\/wp-json\/wp\/v2\/comments?post=2"}],"version-history":[{"count":60,"href":"https:\/\/esvlokschoeneweide.de\/turnen\/wp-json\/wp\/v2\/pages\/2\/revisions"}],"predecessor-version":[{"id":460,"href":"https:\/\/esvlokschoeneweide.de\/turnen\/wp-json\/wp\/v2\/pages\/2\/revisions\/460"}],"wp:attachment":[{"href":"https:\/\/esvlokschoeneweide.de\/turnen\/wp-json\/wp\/v2\/media?parent=2"}],"curies":[{"name":"wp","href":"https:\/\/api.w.org\/{rel}","templated":true}]}}