{"id":14,"date":"2012-04-19T15:50:42","date_gmt":"2012-04-19T13:50:42","guid":{"rendered":"http:\/\/esvlokschoeneweide.de\/wandernbergsteigen\/?page_id=14"},"modified":"2026-01-28T22:01:59","modified_gmt":"2026-01-28T21:01:59","slug":"home","status":"publish","type":"page","link":"https:\/\/esvlokschoeneweide.de\/wandernbergsteigen\/","title":{"rendered":"Startseite"},"content":{"rendered":"<p style=\"text-align: justify;\"><strong>Die Abteilung Bergsteigen \/ Wandern ist haupts\u00e4chlich in ihrer H\u00fctte in Sch\u00f6na in der S\u00e4chsischen Schweiz aktiv.<\/strong><\/p>\n<p style=\"text-align: justify;\">In diesem herrlichen Wander-, Bergsteig-, Mountainbikegebiet nahe der tschechischen Grenze kann man sich aktiv erholen oder einfach nur die Natur erleben. Unz\u00e4hlige Erlebnisziele in der n\u00e4heren und weiteren Umgebung des Ortes Sch\u00f6na und des Elbtales machen diese Gegend so einzigartig.<\/p>\n<p style=\"text-align: center;\">[map style=&#8220;width: 660px; height:400px; margin:20px 0px 20px 0px; border: 1px solid black;&#8220; lat=&#8220;50.9&#8243; lon=&#8220;14.15&#8243; maptype=&#8220;OSM&#8220; z=&#8220;12&#8243;]<\/p>\n<p style=\"text-align: justify;\">Sch\u00f6na ist bequem mit dem Zug von Berlin Richtung Prag erreichbar. Die H\u00fctte ist in der Bahnhofsstra\u00dfe 102, 01814 Sch\u00f6na\/ S\u00e4chsische Schweiz. Sie ist in den Monaten April bis Oktober besetzt. In diesen Monaten finden regelm\u00e4ssig Kletter- und Wandertouren statt. Schnupperlehrg\u00e4nge f\u00fcr interessierte Kletteranf\u00e4nger finden nach Bedarf statt.<\/p>\n<p style=\"text-align: justify;\">Weitere sportliche Aktivit\u00e4ten der Abteilungsmitglieder sind Freizeitfu\u00dfball und Fitness in der Sporthalle am Adlergestell.<\/p>\n","protected":false},"excerpt":{"rendered":"<p>Die Abteilung Bergsteigen \/ Wandern ist haupts\u00e4chlich in ihrer H\u00fctte in Sch\u00f6na in der S\u00e4chsischen Schweiz aktiv. In diesem herrlichen Wander-, Bergsteig-, Mountainbikegebiet nahe der tschechischen Grenze kann man sich [&hellip;]<\/p>\n","protected":false},"author":1,"featured_media":0,"parent":0,"menu_order":0,"comment_status":"closed","ping_status":"closed","template":"","meta":{"inline_featured_image":false,"ngg_post_thumbnail":0,"footnotes":"","_links_to":"","_links_to_target":""},"class_list":["post-14","page","type-page","status-publish","hentry"],"_links":{"self":[{"href":"https:\/\/esvlokschoeneweide.de\/wandernbergsteigen\/wp-json\/wp\/v2\/pages\/14","targetHints":{"allow":["GET"]}}],"collection":[{"href":"https:\/\/esvlokschoeneweide.de\/wandernbergsteigen\/wp-json\/wp\/v2\/pages"}],"about":[{"href":"https:\/\/esvlokschoeneweide.de\/wandernbergsteigen\/wp-json\/wp\/v2\/types\/page"}],"author":[{"embeddable":true,"href":"https:\/\/esvlokschoeneweide.de\/wandernbergsteigen\/wp-json\/wp\/v2\/users\/1"}],"replies":[{"embeddable":true,"href":"https:\/\/esvlokschoeneweide.de\/wandernbergsteigen\/wp-json\/wp\/v2\/comments?post=14"}],"version-history":[{"count":15,"href":"https:\/\/esvlokschoeneweide.de\/wandernbergsteigen\/wp-json\/wp\/v2\/pages\/14\/revisions"}],"predecessor-version":[{"id":205,"href":"https:\/\/esvlokschoeneweide.de\/wandernbergsteigen\/wp-json\/wp\/v2\/pages\/14\/revisions\/205"}],"wp:attachment":[{"href":"https:\/\/esvlokschoeneweide.de\/wandernbergsteigen\/wp-json\/wp\/v2\/media?parent=14"}],"curies":[{"name":"wp","href":"https:\/\/api.w.org\/{rel}","templated":true}]}}